2 - 0)) + (-64 + 53 - -14)?
25
250 - 252 - (1 + -8)
5
Calculate (26 + -16 - (14 - (-1 - -4))) + 6.
5
Evaluate 1 + 8 + -3 + -8 - (-40 + 22).
16
Calculate -56 - -61 - (15 - (4 - 6)).
-12
Evaluate -50 - (-5 + 4 + 0 + -10) - -11.
-28
Calculate 19 - (44 + 0 + -24).
-1
Calculate -3 - (7 - (53 + -19)).
24
What is the value of 0 + (-16 - (-10 + -20)) - 30?
-16
Calculate 3 - 11 - -7 - ((21 - 3) + -4).
-15
(26 - 12 - 13) + 0
1
(233 - 226) + -13 + 0
-6
(-11 + -22 - -19 - -5) + (1 - 3)
-11
Evaluate -26 - -2 - (10 - (21 - 0)).
-13
7 - (27 + -35 - -17)
-2
12 + -10 - 7 - (-20 - -27)
-12
What is -3 - -1 - (-2 + -1 + -1 - 0)?
2
What is the value of -9 - ((4 - -12) + (29 - 41))?
-13
What is -6 - (-5 - (10 - 8)) - (-5 - 0)?
6
Calculate -7 + 0 + (-15 + 5 - -3).
-14
What is the value of 1685 + -1679 - (-3 + 2 - -1)?
6
Calculate 5 + -2 + (-34 + 56 - (-1 + -9)).
35
What is the value of -10 + 13 + (-14 - 2)?
-13
-14 - ((48 - 32) + (3 - 6))
-27
11 + (-2 - (-22 + 33))
-2
36 + -53 - (-20 + 2)
1
8 - (-1 + -6 + 10)
5
-5 - (6 - 20) - (2 - (-2 + 5))
10
Calculate -4 + (-8 - 28) - -28.
-12
Calculate -7 + 2 - -13 - (2 + 2 - -1).
3
What is 19 - (-12 - (17 - 25))?
23
What is the value of 11 + -3 + -20 - (2 + 8 - 2)?
-20
What is (1 + 3 - (-1 - -1)) + (1067 - 1062)?
9
Calculate -3 - (0 + -29) - (14 - 1).
13
-1 + 13 + -6 + (-5 - -3) + 2
6
What is 0 + 3 + -43 + 36?
-4
What is 4 - (-7 + (0 - -3) - 0)?
8
Calculate 1 + 1 + 0 + -7 + -2 + 0.
-7
Evaluate 1 + 15 + -30 + 13.
-1
Calculate (8 - 9) + (0 - 3) + (10 - 3).
3
What is the value of 6 + (-1 - -3 - -4)?
12
3 - (11 + -7) - (-15 + 21)
-7
Evaluate 22 + -2 - (-405 + 397).
28
What is the value of 1 + -4 - (1 - -9 - (-3 - -2))?
-14
What is -11 + (9 - ((2 - 4) + -3))?
3
What is the value of 11 - (-17 + 10 + 8)?
10
Evaluate (-2 + 9 - (0 + 10)) + -11.
-14
What is -47 - (-12 - 26) - 8?
-17
What is -9 + -17 + 0 + 4 + (-3 - -10)?
-15
What is the value of (-4 - 4) + 3 + (-10 + 24 - 0)?
9
What is (6 - (0 + (0 - 3))) + (153 - 191)?
-29
Evaluate (32 - 44) + (3 - 8 - 1).
-18
What is the value of (-18 - -25) + (10 - 3)?
14
What is the value of (1814 - 1815) + (-1 + 1 - -9)?
8
Evaluate (23 - 13) + -15 + -22.
-27
What is the value of 17 + -12 + 7 + 11 + -6?
17
What is the value of -2 + 7 + 0 + -66 + 69 - 1?
7
Calculate -4 + -14 + 146 + -149.
-21
What is (-4 - (-49 - -60)) + (-20 - -1)?
-34
What is the value of 297 - 286 - (16 - 5)?
0
What is (-18 + 15 - (0 + -8)) + 8?
13
Calculate 13 + -6 + (-3 + 1 - (-12 + 2)).
15
Calculate (26 - 63) + 22 - (1 - 3 - 3).
-10
Evaluate 1 + (-12 - -3 - -22) - (1 - -4).
9
15 + 3 - (60 - 28)
-14
(5 - -5) + (12 - (-7 - -9))
20
What is the value of (-38 - 3 - -36) + -2 + 11?
4
What is (49 - 1) + (887 - 918)?
17
Calculate (-13 - 2) + 1 + -1 + -7 + 4.
-18
Evaluate 4 - (-8 - (-1 - 13)).
-2
What is (10 + -14 + 6 - 12) + (4 - 1)?
-7
What is -14 + 6 - (-47 - -41)?
-2
What is 8 + -18 + -4 - -25?
11
(3 + (0 - -3) + 0 - 6) + -13
-13
Calculate -9 + 7 - 4 - (9 - 43).
28
-23 - (-20 - (-12 + 18))
3
What is the value of (6 - (1 - -9)) + -6 + 3?
-7
What is the value of -12 + ((5 - 9) + -2 - -9) - -4?
-5
-21 + 4 - (7 + (0 - 12)) - 5
-17
(3 - (-4 - -4)) + (3 - (0 + -2))
8
What is 13 + (8 - 9 - 1 - 0)?
11
24 + 0 - (18 - 5)
11
Evaluate 0 - (15 - (5 - -2)).
-8
What is the value of -3 - (-3 - (2 - 8) - 3) - 24?
-27
Evaluate (-25 - 0) + (33 - 7 - 16).
-15
Evaluate -5 + -5 - (62 - 61 - (0 - 1)).
-12
Evaluate 3 - (-8 + 2 + 2 - -13).
-6
Calculate 9 + (1 + 6 + -6 - 5 - 2).
3
Evaluate -64 + 57 - (2 - -1).
-10
What is 7 + (-7 - -18) + -4 + -7 + -23?
-16
7 + -5 + 35 + -45
-8
Calculate (-9 - (-16 - -6)) + -6 + -16 + 31.
10
3 + (9 - 2) - -1
11
Evaluate 29 + -31 + 37 - (14 - 0).
21
Calculate (-29 - (-28 + 14)) + (-2 - -3 - -2).
-12
What is (-28 + 53 - 24) + (-13 - -2)?
-10
Evaluate (-58 - -14) + 20 + 6.
-18
What is the value of (1 - (-5 + -1)) + 7 + -8 - 18?
-12
What is 290 + -324 - (1 - 36)?
1
Evaluate (1 - -3) + (-2 - (11 - (18 - 12))).
-3
What is 16 - ((11 - (6 - -3)) + -9)?
23
What is 5 + -18 - -9 - 2?
-6
What is the value of (-13 - ((-10 - -21) + -13)) + -4?
-15
What is (-1 - 0) + -3 + (8 - 14) + 31?
21
What is 14 + -1 + 9 - 3 - 6?
13
Evaluate -20 + 2 + 21 + -1.
2
Calculate -11 + -6 + 12 + 1.
-4
9 - ((62 - 59) + (0 - -3))
3
Evaluate 8 - (18 + -19) - (1 - -2).
6
What is (3 - 3) + (-1 - 26) + (221 - 217)?
-23
(5 - 1) + (-2 + 8 - 2) + 1
9
Evaluate 11 + -3 + -3 + -26 + 6.
-15
(9 - (13 - 21)) + 0 + -9 + 3
11
Evaluate 5 - (-11 - -21 - 4) - (27 - -3).
-31
What is 32 - (19 + -12 - -10)?
15
What is -6 + -17 + -9 + 23 + -11 + 3?
-17
-6 + 2 + (-5 - -10) + -1 + 0
0
What is the value of (-11 - 4) + -5 + (13 - 5)?
-12
What is the value of 15 + -9 + 13 + -4?
15
24 - ((8 - -5) + 15)
-4
Evaluate 1 - (1 + (-2 + 3 - -9) + -5).
-5
Evaluate -7 - (27 + (-15 - 6)).
-13
-34 - (10 + -28) - (2 + -8)
-10
Calculate 2 + -2 + -1 + -11.
-12
Evaluate 8 + (14 - (5 - -8)).
9
What is (-2 - -2) + 10 - (26 - (13 + 7))?
4
Evaluate 0 - (7 - 7) - (90 - 66).
-24
Evaluate (4 - 12 - -2) + 17.
11
1 - 24 - (-16 + -4)
-3
What is the value of -5 + (5 - 0 - (-11 + -5 + 19))?
-3
-13 - (9 + 7 - 16)
-13
What is 13 - (4 + (3 + -10 - 7))?
23
What is (3 - 29) + 1 - (4 + (-21 - -18))?
-26
What is 12 + 1 + 2 + -2 + -5 - 3?
5
Calculate -3 - -1 - ((0 - 10) + 119 + -100).
-11
What is (-9 - (3 + -2)) + 22?
12
-136 + 158 - (6 - 2)
18
What is (5 - (33 - 18)) + 14?
4
What is the value of (-17 - -27) + -20 + (-15 - 2)?
-27
Calculate 1 + 0 - ((-1 + -4 - -12) + -6).
0
14 + (1 - -27) + -36
6
Calculate -3 - (-5 + (10 - 8 - (0 - -1))).
1
-2 + (4 - -4) + 5 + -9
2
2 + 1 + 1 + -25 + -10 + 19
-12
What is the value of -2 + -7 + (-89 - -107)?
9
What is (6 - ((1 - 3) + 35 + -34)) + -8?
-1
20 + (5 - 44 - -15)
-4
-12 + (-17 - -11) + (-2 - (3 - 9))
-14
What is the value of -20 - -1 - (-49 + 25)?
5
(11 - (-12 + 18)) + -18
-13
What is the value of 1 - ((-7 - -2 - (-16 + 15)) + 11)?
-6
What is the value of (-1 - -1) + 138 + -146?
-8
-5 + ((-1 - 6 - 7) + -1 - 5)
-25
What is the value of -13 - (-16 - -25) - -12?
-10
Calculate -12 - (-24 - (11 - 5)).
18
What is the value of (1 - (4 - 6)) + (15 + -5 - 20)?
-7
(-3 - -10) + 1 - (-49 + 57) - -12
12
What is the value of 11 - -1 - 2 - 15?
-5
83 + -80 + (0 - -1) + 1 - -4
9
(4 - 2) + 0 + 122 + -133 - 5
-14
Evaluate (-18 - 2 - -22) + 13.
15
1 + 0 + -35 + 0 + (-7 - -16)
-25
-4 + 44 + -168 + 165
37
Calculate -7 - ((-19 - -46) + -56).
22
Evaluate -7 + 13 + 9 + -8.
7
2 - ((27 - (-12 - -35)) + (2 - -9))
-13
What is the value of 18 + -12 + (-5 - -3 - -8)?
12
What is -67 + 82 - (4 - 2 - 2)?
15
What is the value of -7 + 14 - 25 - 0 - -1?
-17
What is the value of -7 - 31 - ((-14 - (-6 + 8)) + 6)?
-28
(-301 - -288) + -4 + 0 + 4
-13
-430 - -422 - (5 + 0 + -1 + 0)
-12
What is 22 + -19 + 15 - 29?
-11
29 + (3 - (6 - 16 - -18))
24
Calculate -17 - (20 - (-11 + 25)).
-23
What is -56 + 20 - (21 - 31)?
-26
What is 31 + 7 + -38 + 41?
41
What is the value of 35 - (18 - (-4 - -5 - (-19 - -12)))?
25
Evaluate (-98 - -60) + 76 + (-1 - (-2 + -1)).
40
What is (8 - 30) + 20 - (1 - -3 - 11)?
5
What is the value of 6 + 3 - (-202 + 197)?
14
Calculate -5 + 11 + (-3 - (-15 - -45)).
-27
What is (10 - 9) + -3 + 8 + -4?
2
What is the value of (216 - 214) + 7 + 1?
10
(2 - 13) + (1233 - 1258)
-36
Calculate 2 + (4 - 1) - (7 + -3).
1
8 + -2 + (-29 - (21 + -41)) - -14
11
Calculate (-1 - -13) + 32 + -22.
22
Calculate -7 + (5 - (12 + -6) - 1) + 28.
19
-399 + 394 + (0 - -8)
3
What is the value of 0 - (-19 + 6) - (-3 + 5 - -4)?
7
What is (-7 + 6 - ((5 - 7) + -2)) + 4?
7
Calculate 2 - (-4 - -3) - (23 + (19 - 11)).
-28
(3 + 0 - 0) + (7 - (-74 - -44))
40
What is (-2 - -19) + -12 + 9 + -1?
13
What is the value of (4 - 0) + -8 + (9 - (-11 - -20))?
-4
(39 - ((5 - -1) + 8)) + (1 - 12)
14
What is -2 + 9 + 0 + 3 + 6 + -6?
10
What is the value of (-2 - (-3 - -7)) + 8 + 6 + -6?
2
Calculate -3 + (-4 - -1 - (-84 - -71)).
7
Evaluate 14 - -2 - 8 - 11.
-3
What is the value of 5 - (-7 + (14 - 7 - 14))?
19
Evaluate -9 + (34 - (-4 + 12 + -3)).
20
What is the value of 6 + (-11 - -6 - -6) - (8 + -16)?
15
Calculate (-17 + 14 - (0 - 1)) + (-4 - -7).
1
What is 19 - (17 + 23 + 5)?
-26
What is (7 - (-8 - 8) - 4) + (-5 - 2)?
12
(5 - 5) + -4 - (-3 + 3)
-4
-11 + 8 - ((9 - 30) + -4)
22
What is the value of -5 + (-1 - -12 - (28 - 46)) - 6?
18
Calculate 5 + 3 - (3 - 